or of w and 44?
44
Let g = -25 - -35. Let d be (-10)/g - (-1)/1. Suppose 0 = 4*t + 5*w - 3, d = -4*t + 3*w + 23 + 20. What is the greatest common factor of t and 1?
1
Let r be -12 + 0 + (-3)/(-1). Let c = r + 23. Calculate the greatest common factor of 70 and c.
14
Let c = 7 - 7. Suppose 140 = -c*r + 5*r. Calculate the highest common factor of 7 and r.
7
Let u(c) = -51*c - 171. Let x be u(-6). Calculate the highest common divisor of 180 and x.
45
Let y(n) = n**2 + 12*n + 14. Let p(q) = q**2 + 11*q + 14. Let k(z) = 5*p(z) - 4*y(z). Let o be k(-5). What is the highest common divisor of 2 and o?
2
Let i(b) = 102*b - 63. Let a(g) = -51*g + 31. Let r(c) = -13*a(c) - 6*i(c). Let t be r(3). What is the highest common factor of t and 8?
8
Let d(z) = -13*z - 434. Let j be d(-37). What is the greatest common divisor of j and 1504?
47
Let n be 1*-1 + (-56)/(-1). Let k = -2284 - -2295. Calculate the highest common factor of n and k.
11
Suppose -2*w = q - 63 - 69, 2*q = w + 249. Calculate the highest common divisor of q and 567.
63
Let m = -9 - -26. Let a = -5 + m. Calculate the greatest common divisor of 108 and a.
12
Let q be (11 + 361/(-38))*(-24)/(-2). What is the greatest common divisor of 78 and q?
6
Suppose 0*l + l = 0. Suppose -2*x - 112 = -q, 5*x + 340 = 3*q - l*x. Let u = -21 + 36. Calculate the greatest common factor of q and u.
15
Suppose 5*t - 59 = 81. Suppose -5*y + 3*g + 563 = 0, 5*y + 3*g - 109 = 4*y. What is the greatest common factor of t and y?
28
Suppose 4*b + 3 + 5 = 0, 2*b = 2*t + 14. Let f be t/(27/6) + 77. Calculate the greatest common factor of 30 and f.
15
Suppose 6*u + 78 = 8*u. Let r be (-2)/2 - 153/(-3) - 0. Let s = r - u. What is the greatest common factor of 33 and s?
11
Let g(y) = -27*y + 2. Let z be g(1). Let f = 28 + z. Calculate the highest common factor of 9 and f.
3
Let i = 58 + -35. Suppose -5*b = -5*q - 25, 0*b - 3*b = -5*q - i. Calculate the greatest common factor of 8 and b.
1
Let u = 5 - 3. Suppose -u*z - 6 = 6. Let r(i) = -3*i - 11. Let b be r(z). What is the greatest common factor of b and 1?
1
Let u = 214 - 191. Calculate the greatest common divisor of 115 and u.
23
Let x be 961/3 + (-2 - 15/(-9)). What is the highest common factor of 32 and x?
32
Suppose -1501 = -2*g - 493. Suppose -14*a = -8*a - g. Calculate the greatest common divisor of 21 and a.
21
Let r(l) = -6*l - 4*l**2 + 3*l - 7*l**3 + l**3 + 0*l**2. Let v be r(-2). Calculate the greatest common divisor of v and 95.
19
Let d(j) = -j**3 - 8*j**2 - 28*j - 24. Let x be d(-4). What is the highest common divisor of x and 294?
6
Suppose -2*r = 3*v - 39, 5*v + 30 - 82 = r. Let l be (2 + -11)*-2*(v - 10). What is the greatest common factor of 198 and l?
18
Suppose -50*a - 3*u = -53*a + 2127, -3*a - 4*u + 2113 = 0. Calculate the greatest common divisor of a and 7.
7
Let u(m) = m**3 - 2*m**2 - 7*m + 6. Let j be u(4). What is the greatest common divisor of 8 and j?
2
Let f = 1921 - 1906. What is the highest common divisor of 35 and f?
5
Let w(j) = j**3 + 8*j**2 - 2*j - 6. Let h be (-16)/6*(-9)/6. Suppose -h*f - 47 + 15 = 0. Let n be w(f). Calculate the greatest common factor of n and 30.
10
Let t = -2093 + 2417. Calculate the highest common divisor of 180 and t.
36
Suppose -3*p + 4*w = 1, -3 = -5*w + 17. Let f(v) = -6*v - 45. Let g be f(-8). Suppose -g*y = -14 + p. What is the greatest common divisor of y and 1?
1
Let b be (-1*1)/((-6)/((-1824)/(-4))). Let t = -59 + b. Calculate the highest common divisor of t and 187.
17
Suppose -a - 2*a = 5*k - 269, 92 = a + 4*k. Let g = a - 82. Let m be 0 - ((-132)/2 + 0). Calculate the greatest common factor of g and m.
6
Suppose 4*f - 84 = -2*b, 4*f + 5*b - b - 80 = 0. Let v be f/2 + -12 + 8. Let i be 936/42 - 2/v. Calculate the highest common divisor of i and 22.
22
Suppose 4*y + 2*t = 172, -y - 12*t = -11*t - 42. What is the highest common divisor of 10 and y?
2
Let w(l) = -175*l**3 + 3*l**2 - 3*l - 5. Let v be w(-1). What is the highest common divisor of 112 and v?
16
Let v = 977 - 907. Let q(x) = -2*x. Let d be q(-7). Calculate the greatest common factor of v and d.
14
Suppose -r + 2 = -5*g, -14 = -3*r + 3*g - 56. Let p be r/27 - 1901/(-3). Let w be 3/(-9) - p/(-9). What is the highest common divisor of 7 and w?
7
Let m(z) = -z**3 + 7*z**2 + 4*z - 4. Let a be m(7). Suppose -r - 13 = -22. Suppose -144 = 5*n - r*n. What is the greatest common divisor of a and n?
12
Suppose j - 28 = 3*a, -78 + 8 = -3*j - 5*a. Suppose 0*d - 2*d = -4*l + 908, 2*d = -8. Calculate the greatest common divisor of l and j.
25
Let r be 0/(5 - (-4)/(-1)). Suppose -2*q - 5*h + 139 = -0*q, r = -q - h + 71. What is the highest common factor of q and 24?
24
Let f(z) = -z**3 - 4*z**2 - 3*z + 3. Let s be f(-4). Let j = 451 + -446. Calculate the greatest common divisor of j and s.
5
Let f be 0 - 3/2*(-20)/15. Suppose -j - f*p + 70 = 0, 29 = -3*j + 3*p + 284. Calculate the highest common divisor of 20 and j.
20
Let u = 1025 + -703. Suppose -44 + 228 = 4*s. What is the highest common factor of s and u?
46
Suppose 2*b - 8*b = -60. Suppose 0 = -6*h + b*h - 308. Suppose -19 = -w - 8. Calculate the greatest common divisor of h and w.
11
Suppose -3*q = q - 84. Suppose -q = 6*i - 7*i. Let g be (-21)/9*(-3 + 0). Calculate the highest common factor of i and g.
7
Let z be 5 + (-4 - (-4)/(3 + -1)). Suppose -4*n - z = -91. Calculate the highest common factor of 55 and n.
11
Suppose -1412*x - 60 = -1414*x. What is the greatest common divisor of x and 270?
30
Let x be 3/(-9) + (-2)/(-6). Let m be (14 - -4)/(1 - x). Let h = 47 - m. What is the highest common factor of 319 and h?
29
Let b(j) = 2*j**3 - j**2 - 18*j + 33. Let s be b(5). What is the greatest common divisor of 224 and s?
56
Let c be ((-20)/15)/((-6 - -2)/48). What is the highest common divisor of c and 80?
16
Suppose -5*q = b - 25, -b + 5*q + 5 + 0 = 0. Suppose 46 = -3*g - 4*h, -g - 3*h - 26 = h. Let v be 3/18*g*-45. What is the highest common factor of v and b?
15
Suppose -3*u - 1225 = -28*u. Calculate the greatest common divisor of 49 and u.
49
Let c be -2*6*3*(-440)/45. What is the greatest common factor of 32 and c?
32
Suppose -y - 4*y + 10 = 0. Suppose -4*f + y*o = -f - 343, o = -3*f + 346. Calculate the highest common factor of 23 and f.
23
Let c be -60*((-30)/(-12) - 3). What is the highest common divisor of 690 and c?
30
Let j(i) = 4*i**3 - 23*i**2 + 32*i - 227. Let t be j(6). Let q = -5 + 10. What is the highest common divisor of t and q?
1
Let g = 92 + -92. Suppose g = 3*y - 218 + 53. Calculate the highest common divisor of y and 5.
5
Let n be (-527)/(-1) + 105/35. Calculate the highest common factor of 53 and n.
53
Let l = 12 + 122. What is the greatest common divisor of 201 and l?
67
Let v = 2107 - 2041. Let r = -1 - -4. Let u = 9 - r. What is the greatest common factor of v and u?
6
Suppose -3*r + 80 + 136 = 0. Suppose 4*u = f - 12, -4*f - u = -9*f + 41. Calculate the greatest common factor of r and f.
8
Let z = -2 + 3. Let m be (-153)/z*(-2)/2. Suppose -4*l - 2*q = -5*l + 25, -5*l - 2*q + 77 = 0. What is the highest common factor of m and l?
17
Let d(w) = -11*w**2 - 37*w + 41. Let o(m) = 4*m**2 + 12*m - 14. Let i(k) = -3*d(k) - 8*o(k). Let c be i(-19). Calculate the highest common divisor of 13 and c.
13
Suppose -803*h + 795*h + 2240 = 0. What is the highest common factor of h and 504?
56
Let z = -1056 - -2668. Calculate the highest common divisor of 13 and z.
13
Suppose 2*i - 175 - 371 = 0. Let b(m) = 2*m**3 - 154*m**2 - m + 116. Let k be b(77). Calculate the highest common divisor of i and k.
39
Let x = 38 + -22. Let q(z) = 2*z**3 - z**2 + 3*z - 2. Let l be q(2). Suppose 0 - l = -2*b. Calculate the highest common factor of x and b.
8
Suppose a = -2*r - 34, 5*r + 86 = -a - a. Let s be (-30)/(-7) + r/63. Calculate the highest common divisor of s and 28.
4
Let s = -357 - -358. Calculate the greatest common factor of 4 and s.
1
Let n be (3 - 5)/(2/4). Let y be 55/(-22)*n/(-2)*-3. What is the greatest common factor of 9 and y?
3
Let b = 150 + 96. Calculate the highest common factor of b and 6.
6
Let o = 31 - 30. Let m be o*(14 - 6/2). What is the highest common factor of 22 and m?
11
Let o = -37 - -39. Suppose 3*f + o = 4*f. Let w be 31/((4 + -2)/f). What is the greatest common factor of w and 6